 + (0 - -1)).
-7
What is the value of 6 + 9 + 0 + -15?
0
What is -4 + (4 - 18 - -12) - (-1 + 7)?
-12
What is (-227 - -271) + 1 + -28?
17
Calculate (-12 - 7) + 7 - -8.
-4
Calculate -37 + -2 + -2 - -30.
-11
Evaluate 26 + -15 - (2 - -7).
2
Evaluate 16 - 15 - (-4 - 0 - (9 + -12)).
2
Calculate 6 + (-40 - (-6 + -15)).
-13
Calculate -1 + -5 - (-10 - (-2 + -33 + 5)).
-26
(-1 - 2) + (20 - (31 - 8))
-6
Calculate (0 - 8) + 11 - (-9 - (-31 - 11)).
-30
Evaluate 0 - ((-9 - -14 - 9) + 20).
-16
Evaluate -11 + (-17 - -28) - (-3 - -1 - -12).
-10
1 - (5 - -4) - (4 - (-1 + 0))
-13
Evaluate (-8 + -33 - 11) + 24.
-28
5 - 14 - (-11 + 18 + 1)
-17
Calculate (-19 - (-25 - -2)) + -29 + 4.
-21
Calculate -4 + 15 + -16 - -2.
-3
What is (-4 - (4 - -4 - 8)) + 11?
7
5 + -1 + -9 - 1 - (0 + -1)
-5
What is -6 + 9 - ((-1 - (5 - 3)) + 15)?
-9
Calculate -8 - ((-35 - -12) + (-3 - 5)).
23
(34 - (4 - -3)) + -7
20
(0 - (-6 - (-6 - (-7 - 2)))) + 5
14
Evaluate -31 - (6 + -18 + 9) - (-17 + 18).
-29
What is -6 + -2 + 5 + 1 + (5 - 7)?
-4
What is the value of 1 + (-57 - -57 - (-9 + 0 + 3))?
7
Evaluate (-47 - (2 - (6 - 2))) + 4991 + -4985.
-39
Evaluate 15 + (2 + 7 + -2 + -6 - 9).
7
Calculate (-7 + 20 - 10) + 0 + 2 + 1.
6
What is the value of (17 - 12 - 37) + 6?
-26
What is the value of 26 + (-3 - (22 - 10)) + 3?
14
(6 - -46 - (13 - 1)) + 0
40
Evaluate -2 - 3 - (-13 + (-3 - -11) + -3).
3
7 + -2 + 1 - (-41 - (-8 + -5))
34
11 + -12 + 2 + (4 - 2)
3
7 - ((-3 - -3) + (-12 - (4 + -18)))
5
Calculate 21 + -31 - (-26 + -1).
17
Evaluate (14 - 5) + (-66 - -70).
13
What is the value of -6 - (9 - -10) - (6 - 13)?
-18
Evaluate -22 + (-4 - -10 - (8 - (2 - -6))).
-16
Evaluate 12 + -9 - (3 - (-3 + 9) - 3).
9
What is (2 - -1 - -3 - (41 + -37)) + 0?
2
-64 - -53 - (0 - 1)
-10
-1 + -15 - (-383 + 348)
19
Evaluate 4 + 0 + -1 + -2 + -45 + 49.
5
-1 + (5 - 3) + (12 - 19)
-6
Calculate (4 - -8) + -3 - 13 - 4.
-8
(-4 - (4 + -6 + -13)) + 7 - -5
23
16 + (15 - 59 - -21)
-7
-15 - (3 - (-8 + -1 + -49 + 55))
-21
Calculate (-39 - (-51 - -13)) + 24.
23
Evaluate (0 - 3) + (1 - 6) + -1 - 1.
-10
Calculate -16 - (-33 + 14) - -7 - -7.
17
Evaluate -13 + (8 + 2 - 1) + 5.
1
What is 21 + 21 + -53 + -4?
-15
What is the value of -5 + -18 - (12 + (15 - 32))?
-18
Evaluate 6 - 1 - (-2 + (-15 - -26)).
-4
What is -4 + -7 - (3 + (4 + 1 - 11))?
-8
What is -16 + 9 + 6 + -5?
-6
What is -2 + 0 - 0 - (-18 - (20 - 41))?
-5
What is (7 - (-1 + (3 - 14))) + -12?
7
1 + 19 + -10 + 1
11
Evaluate 4 + (10 + -5 - 6) + -62 + 43.
-16
What is the value of 4 + (-21 - -10) - -6?
-1
Evaluate -1 + 4 - (-15 + 1).
17
(12 - 22) + 1 + -2 + 11
0
What is the value of 1 - ((18 - 9) + 6)?
-14
11 - (-18 - -28) - (-1 + 0)
2
What is (23 + -10 - 7) + 4?
10
What is 5 + (-35 - -29) - (-2 - (-1 - 8))?
-8
What is (52 - 29 - 24) + (-3 - -2 - 16)?
-18
Calculate 3 + -17 - (-1 + 3 + -4).
-12
Evaluate 0 + -1 + -3 + 10 + (43 - 54).
-5
What is 0 + (53 - 24 - 35) + 0 + 44?
38
2 + (-11 - (8 - 11))
-6
What is (-9 - -19) + 42 + -42?
10
What is -9 - (-16 + 15 + (13 - (6 + -2)))?
-17
What is 22 + -20 + (8 + -6 - -13)?
17
What is the value of (11 - 1) + (-205 - -188)?
-7
Evaluate -13 + 5 + 11 + 2.
5
What is -9 + 16 + -13 + 4 + -10?
-12
What is the value of -20 + (-9 - (-2 - -16 - 23))?
-20
What is (8 - 2 - 1) + -6 + 15 + -12?
2
(-7 + 12 - (-1 + 5)) + -12
-11
What is (-5 - 11) + (17 - -23)?
24
What is the value of 40 + -9 + 2 + -11 - (-1 + 8)?
15
Calculate 9 - (-5 - (-17 + 5)).
2
What is -26 + -5 + 18 + -3?
-16
Evaluate -15 - ((27 - 0) + -71).
29
Evaluate -2 - ((-5 - -9) + -12 - (-1 + -1)).
4
Calculate (6 - 22 - (1 - 9)) + 4.
-4
(-15 - (-26 - -12)) + 1 + -15
-15
-25 - (-16 - 0) - -17
8
8 - (1 - 4 - (4 + -2 - 7))
6
Evaluate (5 - -4 - -2) + -8 + 7.
10
What is -24 + 86 - 29 - 29?
4
What is the value of -1 + -18 + 21 + (0 - -5)?
7
-15 + 53 + -24 + -9 + 1
6
What is the value of -247 + 257 - (0 + 1 + 18)?
-9
Calculate 23 + (36 - 44) + -14 + -3.
-2
-6 + -22 + (6 - -9)
-13
Evaluate 2 + (1 - 33) + (440 - 437).
-27
Evaluate -9 - (58 + -73 + (-1 - 12)).
19
1 + 17 + -622 + 579
-25
What is the value of 12 + 6 + (3 - 14)?
7
What is 31 + -25 + -1 + 3 - 23?
-15
What is 36 - (13 - -20) - 10?
-7
1 - (8 - (-5 + (13 - 19)))
-18
Calculate -5 + (-10 - (-1 + -15)) - (2 + -23).
22
What is the value of 9 - (-11 + -8 + 21 + (-2 - -1))?
8
What is the value of (-6 + 7 - (-1 + 0)) + (10 - 24)?
-12
Calculate 16 - ((8 - 0) + 2 + (4 - 11)).
13
What is (-10 - (-19 - (-13 - 6))) + (1 - 4)?
-13
Calculate (-6 - -13) + (-19 - 3) + 4 + -3.
-14
What is 1 - (-2 + 11) - (25 + 2 - 34)?
-1
(-14 - -2) + 32 - (18 + -2)
4
Evaluate -11 - 8 - (-29 + 17).
-7
What is the value of -4 + -7 - (8 + -23)?
4
Evaluate 20 + 5 + (1 - 8 - 6).
12
What is the value of -5046 - -5036 - (1 + 4 + 0 + -1)?
-14
Calculate 143 + -119 + -3 + -18.
3
What is 12 + -24 - ((-7 - 3) + 8)?
-10
Evaluate 41 + -19 + 2 + 84 + -84.
24
(-1 - (6 - 3) - -3) + (19 - 7)
11
What is the value of -42 - (21 + -13) - -28?
-22
17 + -18 + 8 + -1
6
-23 + (28 - (12 - -3))
-10
Evaluate 5 - (-3 - (1 - 2 - (27 - 31))).
11
Calculate -14 - (3 - ((-6 - -16) + -8)).
-15
What is the value of 6 - (-7 - (-3 - 5 - 13))?
-8
8 - (30 + (14 - (17 - 16)))
-35
What is (-4 - (3 + -12)) + 0 - (118 + -103)?
-10
Calculate 26 - 21 - 13 - (6 - 0).
-14
What is 4 + -11 - -3 - -6?
2
Calculate -1 - (0 + -4) - (-4214 + 4234).
-17
Evaluate (50 - 13) + -18 + (2 - 3).
18
What is the value of (5 + -2 + -4 - 3) + (-25 - -21)?
-8
What is the value of 22 + -36 + 4 - -13?
3
Calculate (7 - (-1 + 5 + 0 + -1)) + 4.
8
What is the value of -11 - (7 + 29 + -22)?
-25
8 - ((-14 - -11) + -3 + 1)
13
Evaluate 4 + (8 - 1 - (3 - 3)).
11
4 - ((-11 - -61) + (-15 - 2))
-29
What is 68 - (-12 + 46) - 20?
14
Evaluate -1 - ((1 + 0 - 1) + 1 + -9).
7
11 + 36 + (-54 - 7)
-14
263 + -281 - (0 + -13)
-5
Evaluate -6 + (-14 - (2 - 11)) + 2.
-9
Calculate -741 + 767 - (-3 + 2 + -4).
31
Evaluate 5 + -4 - ((-7 - -9) + 7 + -26).
18
Calculate (2 + -3 - 6) + -4 + (-4 - -10).
-5
What is 1 + (31 + (-33 - -32) - (4 - 2))?
29
-8 + (1 - (-26 + 15))
4
Calculate -7 + 5 + (-8 - -16) - 10.
-4
What is the value of -22 + -19 + 6 + 53?
18
What is the value of 5 + -2 - 14 - -16?
5
What is the value of 18 + 17 + -9 + -1 - -5?
30
What is (0 - -9) + 161 + -165?
5
Calculate -20 - (8 + -20) - -7.
-1
What is the value of (-2 + 0 - 1 - -4) + (-19 - -21)?
3
Calculate -230 + 211 - (-2 + -40).
23
-3 - (14 + 0) - -4 - -49
36
Evaluate -22 - (-7 - -3) - (50 + -83).
15
0 - 22 - (33 - (10 + 36))
-9
Calculate 15 + -2 + (93 - 107).
-1
Evaluate (34 - 26) + -45 + 1 + 11.
-25
-3 + (-7 - -1) + 12 - (10 - 1)
-6
Evaluate 186 + -199 + (4 - 0).
-9
What is the value of -8 + (3 - -3) - (2 + 6)?
-10
Calculate 17 + 4 + 6 + -19.
8
Evaluate 6 - ((-6 + 3 - -16) + -2) - -1.
-4
What is the value of -10 + 4 + -10 + 11 - (1 + -1)?
-5
(-1 + -2 - -3) + (-10 + -17 - -27)
0
-2 + (-11 - (-1 + -8))
-4
Evaluate -2 - -5 - 5 - 9.
-11
What is the value of (1 - 11 - -11) + -7 - -20?
14
Evaluate (3286 - 3284) + -3 + (1 - 0).
0
What is the value of -7 + (5 - -7) + (-18 - -7 - -7)?
1
Evaluate -36 - ((6 - 23) + -18).
-1
Calculate 6 + -9 + (4 - -3) + 0 - 11.
-7
Evaluate (6 - 1 - 9) + 1 + 2 + -6.
-7
(-8 + 0 - (-5 + 6)) + 4
-5
What is (-1 + -21 - (5 - 11)) + -21 + 18?
-19
What is the value of 10 - (15 + (-6 + 9 - 4) + 4)?
-8
Evaluate 10 + (1 - (-7 - 1 - -8)).
11
What is 0 + -18 + (-5 + 1 - (213 - 214))?
-21
0 + (-12 - 9) + (1 - -3)
-17
What is the value of -16 - (-21 + 7) - 17?
-19
Calculate -11 - (4 - (11 + 1)).
-3
What is the value of 23 - -1 - (11 + 10 + -13) - 0?
16
Evaluate (7 - (9 - 5)) + (5 - 7) - 3.
-2
Calculate -9 + (-9 - -3) + (4 - 3) + 4.
-10
Calculate -45 + (-20 - (5 - 34)).
-36
Calculate (-5 - (-9 + 11)) + 0 + 3 - 10.
-14
Evaluate -1088 + 1081 + 0 + -1 + -1.
-9
26 - ((1 - -11) + (-3 - -3 - 6))
20
Calculate 0 - 1 - (11 + (10 - 1) - 26).
5
Evaluate -7 - (2 - 8) - -22.
21
What is 8 - (-13 - 0 - (-1 - 2) - -6)?
12
Calculate -15 + (-1 + -15 - -19) + -4.
-16
-1 - (4 + -6 + 14)
-13
-22 + -3 + -2 + 15
-12
Calculate 10 + (-2 - (3 - (3 + 3))) + 2.
13
What is the value of 56 - (-6 + 33) - 47?
-18
Calculate -7 - -17 - 19 - -27.
18
What is (5 - (18 - 3)) + 5?
-5
Evaluate (1 - -10 - (-23 + 57)) + (1 - -9).
-13
Calculate (7 - 1) + 0 + (3 + 2 - 2).
9
What is the value of -22 - (11 + 6 + -5 + -4 + -17)?
-13
Evaluate -15 - (-52 